= 5*q**2 + 11*q + 11. Let n(c) = -4*f(c) - 5*g(c). Give n(w).
3
Let t(c) = -c**3 - 7*c**2 + 7*c - 3. Let s be t(-8). Suppose 0 = 2*p - 1 + s. Let a be 35/(-21) - p/(-6). Let k(o) = -o**2 + o + 1. Determine k(a).
-5
Let h(d) = 2*d + 19. Let r(c) = 2*c + 19. Let l(x) = 4*h(x) - 5*r(x). Give l(-17).
15
Let t(z) = -4*z**2 - 6*z + 18. Let n(r) = -5*r**2 - 8*r + 19. Let x(k) = -3*n(k) + 4*t(k). Give x(0).
15
Let j(i) be the first derivative of -i**4/4 - i**3 + 7*i**2/2 + 3*i - 41. What is j(-5)?
18
Let a(x) = 8*x**3 + 1. Let o be a(-1). Let b = -13 - o. Let i(g) = g + 6. Calculate i(b).
0
Suppose 3*m + m - t + 13 = 0, 14 = -5*m + 2*t. Let s(l) = -115*l + l**2 + 344*l - 5 - 114*l + 6 - 110*l. Give s(m).
-3
Suppose -v = -5*x + 23, x + v - 1 = 6. Let h(t) = t**3 - 3*t - 4*t - x - t**2 + 5*t**2. Calculate h(-5).
5
Suppose -4 = n - 2*n. Let p(m) be the second derivative of -m**4/12 + 2*m**3/3 - m**2/2 + 120*m. What is p(n)?
-1
Let s = 3 - -2. Let b(j) = 25*j + 21. Let q(l) = -17*l - 15. Let c(o) = 5*b(o) + 7*q(o). Calculate c(s).
30
Let q(x) = x. Let w(f) = 5*f - 2. Let k(o) = -6*q(o) + w(o). Let t be ((0/3)/(-3))/(-23 + 21). Give k(t).
-2
Let h be -22 - (-2 + (3 - 0)). Let d = h + 28. Let i(n) = -n + 2*n + 12 - 2*n. Give i(d).
7
Let p = 12 + -7. Let s(r) = p*r + r**3 - 3*r - 3*r. Let t be ((-8)/6)/((-8)/12). Determine s(t).
6
Let o(u) be the second derivative of u**5/60 - u**4/6 + u**3/3 - 27*u**2/2 - 7*u. Let i(q) be the first derivative of o(q). Calculate i(2).
-2
Let k(n) be the second derivative of -n**5/10 - n**4/6 + n**3/2 - n**2/2 - 10*n - 2. Give k(1).
-2
Suppose -2*w - 2*b = 2 + 10, w - 2*b - 3 = 0. Let q be w/((5/2)/5). Let c(p) be the first derivative of -p**3/3 - 3*p**2 + 7*p + 36. Calculate c(q).
7
Let o(y) = 207*y - 211*y - 1 - 3. Let t(b) = 5*b + 5. Let k(p) = -6*o(p) - 5*t(p). Give k(-3).
2
Let d(s) = 5 + 3*s**2 + s**3 - 3*s**2 + 0*s**2 - 8*s**2 - 9*s. Let z = -15 + 24. Let g be d(z). Let w(i) = -i**2 + 7*i - 4. Determine w(g).
6
Let b(k) = 2*k**2 + 10*k + 10. Let c be b(-4). Let y(n) = 4*n - 6. Let j(r) = -5*r + 7. Let h(u) = c*j(u) + 3*y(u). Give h(-6).
-16
Suppose m = -3*m - 12. Let l be 12*(m/(-2) - 1). Let u(h) = h**3 - 7*h**2 + 6*h - 8. Give u(l).
-8
Let m be (-2)/(-8) - (5775/(-44))/(-21). Let j(c) = -c**2 - 6*c + 6. Calculate j(m).
6
Let f(r) be the second derivative of 13*r + 3*r**2 + 1/3*r**3 + 7/12*r**4 + 1/20*r**5 + 0. What is f(-7)?
-8
Let n(o) = -o**2 + 6*o - 2. Let m(s) = 5*s**2 + 23*s. Let u be m(-5). Give n(u).
-42
Let g(x) = 2*x**3 - 4*x**2 + 3*x - 1. Suppose -4*h = l - 2*h + 34, -162 = 5*l + 2*h. Let f = l + 30. Let d be -2*4/(f - 2). Calculate g(d).
5
Let o(j) = j**3 - 10*j**2 - 2. Let m be o(10). Let t be 2 + -5 + (-4)/m. Let p(v) = -v + 1. Give p(t).
2
Let t(n) = 3*n**2 - n - 3. Suppose -3*u = -8*p + 7*p + 1, -u = 2*p - 9. Give t(p).
41
Let h(g) = g**3 + 7*g**2 + 6*g + 3. Let a = -12 - -47. Let r = a + -41. Calculate h(r).
3
Let o be ((-9)/3 + 5)*1. Let q(u) be the first derivative of 1/2*u**o + 5*u + 3. Give q(0).
5
Let f(l) = -4 + 19 - 3*l + 0 + 9 - 3. Determine f(9).
-6
Let p(z) = -8*z**3 - 8*z**2 + 5*z. Let j(s) = -9*s**3 - 9*s**2 + 6*s. Let u(w) = 6*j(w) - 7*p(w). Calculate u(-1).
-1
Let x(l) = 6*l**2 + 1991 - 1993 - 7*l**2 + l**3 - 13*l**2. Determine x(14).
-2
Let h be (-7 + -5)*-1*5/10. Let v(d) = d**3 - 7*d**2 + 5*d + 5. Give v(h).
-1
Let l(x) = 0*x**2 - 18 - 11*x - 6*x**2 + 5*x**2 + 2*x**2 - 7. Give l(13).
1
Let h be 62*(1/2 + 5 + -5). Let k = h - 21. Let u(b) = -b**2 + 9*b + 6. Give u(k).
-4
Let r(p) be the third derivative of -p**6/120 - 2*p**5/15 - p**4/6 - 2*p**3 + 78*p**2. Calculate r(-8).
20
Suppose -2*w + 4 = 2*j, 0*j = 4*w - 2*j - 2. Let m be 36/(-27)*3/(-2). Let a(x) = 8*x**3 - 3*x + m*x**2 + 85 + 3*x - 86. Give a(w).
9
Let y(i) = 5*i + 3. Let g = 68 + -64. Let n(m) = -4*m - 2. Let z(l) = g*n(l) + 3*y(l). Determine z(8).
-7
Let g(r) be the first derivative of -1/4*r**4 - 3*r**2 + r - 2 + 2*r**3. Let s be -2*(-20)/24*3. What is g(s)?
-4
Let r(l) = 39*l - 146*l + 36*l + 36*l - 11 + 33*l. Determine r(0).
-11
Let i(v) = v - 3. Let h = -77 - -86. What is i(h)?
6
Let f(c) = -2*c**2 - 6*c + 4. Suppose -2*y = -z - 3, 0 = 2*z - 5*z - 5*y + 35. Suppose -z = w, 6*w - 2*w = 4*d. What is f(d)?
-16
Let z(t) be the first derivative of -3*t**2 - 4*t - 5. Let q(c) = -7*c - 5. Let y(r) = -3*q(r) + 4*z(r). Suppose 21 = 3*j - 2*k - k, 10 = -2*k. What is y(j)?
-7
Suppose -2 = -5*q + 3. Suppose -3*u + 2 = -q. Let y(i) = 6*i**3 + 2*i - 1 + 23*i**2 + 21*i**2 - 45*i**2. What is y(u)?
6
Let k(w) = -w**3 + 6*w**2 - 4. Suppose 2*p - 24 = 2*q - 6*q, -3*p - 4*q = -40. Suppose -s = -5*s + 4*t + p, s - 8 = -3*t. What is k(s)?
21
Let y(b) be the first derivative of 12 - 7/2*b**2 + 10*b - 1/3*b**3. Determine y(-8).
2
Suppose -1 = -11*z + 21. Let y be (z + -1)/(5/(-10) - -1). Let t(o) = 3*o - 2. Give t(y).
4
Suppose -46 = 10*w + 4. Let i(o) = -3*o**3 - 26*o**2 + 25*o - 7. Let m(z) = -z**3 - 9*z**2 + 9*z - 2. Let y(p) = -4*i(p) + 11*m(p). What is y(w)?
11
Let g(l) = 3*l**2 - 3*l**2 + l**2 - 6*l + 1 + 0*l**2. Suppose 5*y - 2*y - 13 = -5*q, 25 = 5*y + 5*q. Give g(y).
1
Suppose -5*y = -3*z - 2, y = -2*y - 3*z - 18. Let k(x) = -x**3 + x**2 + x - 1. What is k(y)?
9
Let g(b) be the third derivative of -b**5/60 + b**4/4 - 2*b**3/3 - b**2. Suppose 0 = 8*j + 10 - 50. Determine g(j).
1
Let u(k) = 2*k + 18. Let r = 963 - 972. Calculate u(r).
0
Let w(u) = u**3 + 6*u**2 - 8*u. Suppose 5*i - 31 = -4*z - 9, -2*z - 4 = -5*i. Let n be -1 - z - ((0 - -3) + 0). Calculate w(n).
7
Suppose 4*m - 4 = 8. Let d(v) = -6*v**2 + 2*v**2 + 6 - v**m - 1. Suppose 0 = 158*u + 649 - 17. Give d(u).
5
Let p(z) be the second derivative of -z**4/12 + z**3/6 + z**2 + z - 5. What is p(3)?
-4
Let c(y) = -y - 3. Let b be c(-4). Suppose -b = 2*o - 5. Let d(w) = 1 - w - 2*w + 3*w**2 - o*w + 2 + w**3. Calculate d(-4).
7
Let v(i) = -i**3 - 3*i**2 + i + 4. Let l(k) = 9*k - 4. Let q be 2/(-7) - (-38)/133. Let n be l(q). Determine v(n).
16
Let b(h) be the first derivative of -h + 7 - h**3 + 1/2*h**4 + h**2. Suppose -4*v + 0*d - 12 = -4*d, 4*v - d - 3 = 0. Determine b(v).
7
Let s(p) = -3*p**3 + 7*p + 12. Let m(b) = -5*b**3 + b**2 + 13*b + 21. Let h(q) = 4*m(q) - 7*s(q). Calculate h(-5).
-40
Let r(a) = -a**2 + 6*a - 1. Let j be r(0). Let d(i) = -i + 5. What is d(j)?
6
Let z(b) = b**3 - 3*b**2 - 2*b - 4. Let p(k) = -7*k**2 + 76*k + 14. Let y be p(11). Give z(y).
-10
Let v(u) be the second derivative of u**3/2 - 5*u**2 - 39*u + 1. What is v(3)?
-1
Suppose 3*s + 4*k - 38 = 0, 3*s + 2*s = -5*k + 55. Let m(i) = 6*i**3 + 2*i + 6*i**2 - 7*i**3 + 0 - 1. What is m(s)?
11
Let l(m) = 9*m + m**2 + 5*m**3 - 9*m. Let v = -2314 - -2315. Determine l(v).
6
Let g(j) = -358*j + 0*j**2 + 4*j**2 + 362*j. Calculate g(-3).
24
Let b(f) = -109*f**3 + 3 - 115*f**3 + 2*f**2 - 4*f + 223*f**3. Let o be (-6)/15 - 24/(-10). Suppose 8 = o*w + 2*w. Calculate b(w).
-5
Let a(h) = -h**3 - h**2 - h. Let x(n) = -6*n**3 - 4*n**2 - 6*n - 3. Let c(s) = 5*a(s) - x(s). Determine c(0).
3
Let m(u) = u**3 + 8*u**2 + 8*u + 5. Let v = 59 - 66. Calculate m(v).
-2
Suppose s + 6 = 5*d, 2*d + 8 = 3*s - 0*d. Let w(v) be the first derivative of v**4/4 - v**3 - 3*v**2 + 5*v - 3. Calculate w(s).
-3
Let v(u) be the third derivative of 0*u**4 - 4*u**2 + 0 - 2/3*u**3 + 1/10*u**5 + 0*u - 1/120*u**6. Let o be 27/(-15)*50/(-15). Give v(o).
-4
Suppose -h = d + 1, -d - 16 = 3*h + h. Suppose 0 = -25*u + 23*u - d. Let a(v) = -3*v**2 + 4*v + 3. Give a(u).
-17
Let m(w) be the third derivative of w**4/24 + 4*w**3/3 + 393*w**2. Calculate m(-8).
0
Let q(u) = 2*u**3 - u + 2. Let r(p) = 13*p**3 - 13*p**2 + 7*p + 21. Let o(a) = -6*q(a) + r(a). Give o(12).
21
Let t(m) be the third derivative of 0*m + 0 - 1/3*m**3 - 1/60*m**5 - 3*m**2 + 5/24*m**4. Give t(5).
-2
Let f(v) = -v**2 + 10*v - 8. Let o(l) = -l**3 + 6*l**2 + 27*l + 7. Let q be o(-3). What is f(q)?
13
Let k = -4 + 16. Suppose -10*l + 8 = -k*l. Let p(g) = -g + 4. Calculate p(l).
8
Let o = -468 + 314. Let c = o - -151. Let i(p) = -p**3 - 3*p**2 + 1. Calculate i(c).
1
Let h(f) = 3*f**2 - f + 16. Suppose 2*r = 11 - 3. Let d(k) = k**2 + 1. Let j(t) = r*d(t) - h(t). Calculate j(0).
-12
Let c(o) = -o**2 + o - 2. Suppose 5*p = -3*k + 4, -2*p - 4 = 5*k + 2. Let g(m) = m**2 - 10*m - 4. Let n(x) = p*c(x) +